 the prime factors of i(l)?
11, 17
Let o(n) = -574*n + 3667. List the prime factors of o(-121).
73121
What are the prime factors of 31/(248/(-120)) - -302?
7, 41
Suppose -28*u + 48535 = -105381. What are the prime factors of u?
23, 239
Let r(s) = -3*s**2 - 33*s - 49. Let p be r(-9). Suppose v - 1788 = -0*j - 2*j, 4467 = p*j + 4*v. What are the prime factors of j?
5, 179
Suppose -9*m = -18*m - 8*m + 43792. What are the prime factors of m?
2, 7, 23
Let j(v) = 21*v - 63. Let b be j(4). Suppose -689 + 38 = -b*t. List the prime factors of t.
31
Let p be 3/(-4) + 0 + (-77)/(-28). Suppose p*q - 127 - 179 = 0. What are the prime factors of q?
3, 17
List the prime factors of (-45660375)/(-4275) - (-4)/19.
11, 971
Let t = -2096 + 10001. What are the prime factors of t?
3, 5, 17, 31
Let z(k) = 65*k**3 - 9*k**2 + 14*k - 40. List the prime factors of z(5).
2, 5, 13, 61
Suppose -4*r - r - 3*q = -35, 0 = -4*q + 20. Let h be 0 + 3 - (5 - 12/3). Suppose h*a = r*v - 726, -3*v + 2*a = -2*a - 557. What are the prime factors of v?
179
Let d(c) = 345*c**2 - 234*c - 1180. What are the prime factors of d(-5)?
5, 1723
Let v = -11260 + 19134. What are the prime factors of v?
2, 31, 127
Suppose 0 = p + 3*p + 24. Suppose -3*s = -6*s - 2100. List the prime factors of s/(-30) + (-4)/p.
2, 3
List the prime factors of (28/(-56) + 10/(-4))*13916/(-6).
2, 7, 71
Suppose 676 = 5*t + 3*u - 0*u, 125 = t + 4*u. List the prime factors of t.
137
Let y(h) = 7339*h**2 + 21*h + 11. What are the prime factors of y(-1)?
3, 7, 349
Suppose 19560 = 2*z - 4*r, -z - 2*r + 10284 = 496. What are the prime factors of z?
2, 1223
List the prime factors of (-24)/(-30)*129850/28.
2, 5, 7, 53
List the prime factors of (-1450)/(-30)*10329/55.
29, 313
Let m(w) = -w + 23. Let f be m(19). Let j(q) = 12*q**3 + 8*q**2 - 3*q + 2. List the prime factors of j(f).
2, 443
Suppose -23*m + 452759 + 455247 - 171362 = 0. What are the prime factors of m?
2, 3, 17, 157
Let n be (-35 - 1899)/(-2 - (1 - 2)). Suppose -3*q + 689 = -2*k + n, 3081 = 5*k + 3*q. List the prime factors of k.
2, 3, 103
Suppose -193*m + 84 = -186*m. List the prime factors of (m/9)/4 + 1730/30.
2, 29
Let g(l) = -l**3 - l**2 + l - 13. Let n be g(-3). Suppose 0 = -n*c + 9*c - 21. Suppose 0 = c*x - 151 - 368. List the prime factors of x.
173
Suppose 43*b = 49*b - 47748. What are the prime factors of b?
2, 23, 173
Suppose -276378 + 717994 = 56*m. List the prime factors of m.
2, 3943
Suppose -4*r - 4*o = -3*o + 891, r + 4*o + 234 = 0. What are the prime factors of 0/(-1) - (0 + -5 + r)?
227
Let x be (16/(-10))/((-31)/24800). Suppose -5*r - 1982 = -4*b, -2*b - 288 = -2*r - x. What are the prime factors of b?
2, 3, 83
Let f be 13/((-52)/108)*243. List the prime factors of (f/(-18))/((-6)/(-8)).
2, 3
Suppose 3*z - 47748 = -0*i - 3*i, -3*i - z = -47738. Suppose 0 = 16*k - i - 1945. List the prime factors of k.
2, 3, 31
Let j be (-4)/(-6) - (930/18 - -5). Let y = -51 - j. Suppose -l - z - 3*z + 81 = 0, 3*z = -y*l + 405. List the prime factors of l.
3
Let y be (24/(-10))/(10/(-75)). What are the prime factors of 108/(-3)*y/(-48)*50?
3, 5
Let f be 15/9 + (-3275)/(-15). Let c = 472 - f. What are the prime factors of c?
2, 3, 7
Suppose 50*a - 62*a = 336. Let t = 257 + a. List the prime factors of t.
229
Let u be (105/10 + -9)*-194. Let n be 4/6 + (-1635)/9. Let y = n - u. What are the prime factors of y?
2, 5, 11
Let c(f) = f**2 - 90*f - 422. List the prime factors of c(-123).
149, 173
Let r = -293 - -3409. List the prime factors of r.
2, 19, 41
Let j be (9 - (-220)/8)/((-2)/(-4)). Let i = j - -35. What are the prime factors of i?
2, 3
Suppose i = -i + 748. Let m = i + -175. Let w = 417 - m. What are the prime factors of w?
2, 109
Suppose 5*t = 4*n + 25, -2*t = 3*t - 5*n - 20. Suppose -z = -2*c - t, -4*z - 2*c + 57 = z. List the prime factors of (7 + -2)*(-1)/(-5)*z.
11
Let g(v) = 23*v - 120. Suppose 117 = 2*r + 7*r. List the prime factors of g(r).
179
Let k(j) = 22*j - 126. Let p be k(22). Suppose -360*g + p*g = -376. What are the prime factors of g?
2, 47
Let r(z) = 28*z**2 - 3*z + 3. Let m be r(-2). Let p = m + -17. List the prime factors of p.
2, 13
Let y = 440 + -441. What are the prime factors of 58710/45 + (-8)/(-6) + y?
3, 5, 29
Let c = -157 - -162. Let b = 12 + -12. Suppose b = -4*o + c*k + 367, 3*o + k + 289 = 6*o. What are the prime factors of o?
2, 7
List the prime factors of (241500/(-40))/((-23)/(-6) + 16/(-4)).
3, 5, 7, 23
What are the prime factors of -14718*((-390)/650)/(4/10)?
3, 11, 223
Let j(d) = 64*d - 42*d + 3 - d**2 - 3. Let i be j(22). Suppose i = -10*r + 30 + 180. List the prime factors of r.
3, 7
Let a = 120 + -2. Suppose 5*f - 4*t - a = 208, 67 = f + t. List the prime factors of f.
2, 3, 11
Let y be (4 + 0)*(-276)/(-48). Suppose 0 = o - y + 19. Suppose o*l + 0*p - 4*p - 36 = 0, -5 = p. What are the prime factors of l?
2
Let c(r) = -3*r**2 + 31*r - 10. Let y be c(10). Suppose -7*i - 11*i + 1692 = y. List the prime factors of i.
2, 47
List the prime factors of 545704/28 - 5 - (-208)/364.
3, 5, 433
Suppose -161*a - 100*a = -2609739. List the prime factors of a.
3, 11, 101
Suppose -25*k + 28*k + 143835 = 3*h, 2*h + k - 95866 = 0. What are the prime factors of h?
3, 19, 29
Let u(p) = 5*p**3 - 4*p**2 + 36*p - 34. List the prime factors of u(13).
3, 3581
Suppose 17 = -4*b + 1, -o - 2*b = 908. Let u = 640 + o. Let v = u + 502. What are the prime factors of v?
2, 11
Let o(y) = y + 17. Let w be o(-7). Suppose w*i + 350 = 12*i. What are the prime factors of i?
5, 7
Let k(h) = -170*h + 130. Let o be k(-5). What are the prime factors of 3 + (-9)/(18/8) + o?
11, 89
Let q be 11/(77/(-21))*-1. Let z(g) = 167*g**2 - 7*g + 33. What are the prime factors of z(q)?
3, 5, 101
Let f = 6498 - 4356. What are the prime factors of f?
2, 3, 7, 17
Let w = 13564 + -5781. List the prime factors of w.
43, 181
Let x(g) = 58*g + 1035. Let m be x(-19). Let a(n) = -21*n + 3. Let d be a(4). Let c = m - d. List the prime factors of c.
2, 7
Let x = 41785 - 18877. What are the prime factors of x?
2, 3, 23, 83
Let v = -61 + 41. Let k = -43 - v. Let z = 124 + k. List the prime factors of z.
101
Let c(w) = 3*w**2 + w - 2. Let j be c(2). Suppose 2*y - j = -14. What are the prime factors of -1*(165 + -2)*y?
163
Let j(c) = -21*c**2 - 6*c + 17. Let g be j(5). Let x = 767 + g. What are the prime factors of x?
229
Let m(p) = 16*p**3 + 5*p**2 - 47*p + 7. List the prime factors of m(6).
3361
Let j = -436 + 471. List the prime factors of ((-1455)/j)/((-7)/49).
3, 97
List the prime factors of ((-65274)/264)/((-2)/152).
19, 23, 43
Suppose -58314 = -9*l - 4*l - 20315. What are the prime factors of l?
37, 79
Suppose -144*i = -82*i - 89*i + 580635. List the prime factors of i.
5, 11, 17, 23
What are the prime factors of (-21 - -10615) + 8/((-24)/(-15))?
3, 3533
Let q be (-4)/((-3258)/408 + 8). Let k = 773 - q. What are the prime factors of k?
5, 11, 19
Suppose -4*g + 1782 = 7*g. Let h = g + -103. List the prime factors of h.
59
Suppose -2*l = 2*l - 4. Let o(t) = -121*t**2 - 4*t - 8. Let p(s) = -124*s**2 - 6*s - 9. Let h(g) = -5*o(g) + 4*p(g). List the prime factors of h(l).
109
Let a = 31 + -14. Let r(f) = 7*f**2 - a*f**2 - 11*f**2 - 24*f - 19 + 3*f**2 - f**3. What are the prime factors of r(-17)?
2, 5
Let x(i) = -i**3 + 5*i**2 - 4*i - 8. Let z = 49 - 45. Let m be x(z). Let h(f) = -5*f - 31. What are the prime factors of h(m)?
3
Let t(a) = -885*a + 2115. What are the prime factors of t(-26)?
3, 5, 67
Let n = -121 - -186. Let k(h) = -h**3 + 10. Let m be k(0). List the prime factors of (1 - (-1532)/13) + m/n.
7, 17
Let l be (-1 - 3)/((-4)/362). Let g be 140 + ((-15)/12)/((-11)/(-44)). Let p = l - g. What are the prime factors of p?
227
Let f be (6/(-7))/((-24)/224). What are the prime factors of (-41)/((-6)/f*(-34)/(-51))?
2, 41
Suppose -5*b + 1 = 5*p - 24, 2*p - 3*b + 15 = 0. Suppose p = -21*o - 423 + 2376. What are the prime factors of o?
3, 31
Suppose 2*f - 4*f - 4*f = 0. Suppose 35*k - 4387 - 7198 = f. List the prime factors of k.
331
Suppose -5*o + 30248 = -s, 0 = 3*o + 2276*s - 2275*s - 18144. What are the prime factors of o?
23, 263
Suppose 28 = 5*a + 5*m - 2, -4*a + 4*m = 8. Suppose a*r + 2*g - 1321 = -3*r, -g = 3*r - 792. What are the prime factors of r?
263
Suppose 4*m - 5*r +